6*x**2 + 3*x. Let s be k(-4). Calculate the highest common divisor of c and s.
5
Let v = -24 - -46. Calculate the highest common divisor of 473 and v.
11
Let g(w) = -5*w - 2. Let r be g(-2). Let o = 95 + 73. Let z be 10*(o/15)/2. Calculate the greatest common divisor of r and z.
8
Let o(y) = 27*y**2 + 37*y + 36. Let b be o(-1). Calculate the highest common divisor of 91 and b.
13
Let h(p) = p**2 - 9*p - 9. Let f be h(11). Calculate the highest common divisor of f and 286.
13
Let y(u) = -u**2 + u + 2. Let i be y(-1). Suppose i = -5*s + 176 + 364. Calculate the greatest common divisor of 12 and s.
12
Let x be 4 + (-2 - 1 - -4). Calculate the highest common factor of 28 and x.
1
Suppose 2*c + 29 = 221. Suppose -5*v + 6 + 4 = 0. Suppose -l - 5*h + 4 = -0*l, 68 = v*l - 5*h. What is the highest common factor of l and c?
24
Let y(q) = q**3 - 25*q**2 - 114*q + 2. Let h be y(29). Calculate the greatest common factor of h and 1800.
60
Let o be ((-6272)/140)/((-2)/5). What is the highest common factor of o and 28?
28
Suppose 1466 = -3*r + 7040. Let y = r - 4105. Let p be 1/(-2) - y/14. What is the greatest common factor of 20 and p?
20
Let n(y) = 7*y**2 + 43*y + 9. Let b be n(-9). Calculate the highest common factor of b and 7.
7
Let s be 0 + -2 - (-314)/(-4)*-2. Let b = 174 - s. What is the greatest common divisor of b and 57?
19
Suppose 62 = t - 24. Suppose f - 1 = 0, 7*f + t = 3*l + 3*f. What is the highest common factor of 45 and l?
15
Suppose 0 = 35*v + 6540 - 20260. Calculate the greatest common factor of v and 147.
49
Let k = -271 + 292. Calculate the greatest common divisor of 112 and k.
7
Suppose -5*n = -3*n + 8, -3*p + 3*n + 363 = 0. What is the greatest common divisor of 18 and p?
9
Let h(t) = 2*t**2 + t - 298. Let l be h(-16). What is the greatest common divisor of 66 and l?
66
Let h be (2 + 0)/((-2)/(-12)). Let y be (-154)/(-35) - 5 - 2415/(-25). Calculate the greatest common divisor of h and y.
12
Let i be 3/(-3) - (0 + -1 - 280). Calculate the greatest common divisor of 980 and i.
140
Let p be ((-16)/(-12))/(-4)*-3. Let i be (-18)/12*p*-28. Let u be (-2)/(-4)*252/2. Calculate the greatest common divisor of u and i.
21
Let g be -3*1645/(-60) - (-5)/(-4). What is the greatest common factor of g and 18?
9
Let n be 15/10*2/(-3). Let x be 1 - (n + 3 + -3). Suppose 165 = x*i - 139. What is the highest common divisor of 19 and i?
19
Suppose -259 = -4*u - 67. Calculate the greatest common factor of u and 12.
12
Suppose 12 = -5*v - 88. Let z be -1 + 21 - (v - -20). What is the greatest common divisor of z and 4?
4
Suppose -2*r = -3*r + 16. Suppose 360 = 3*d - 2*d + 5*o, -3*o = -2*d + 655. Let t be 4/12 + d/3. What is the highest common factor of r and t?
16
Let m = -43 + 44. Let g be ((-15)/10*m)/((-3)/64). Suppose -3*s - 3 - 5 = -5*u, -3*s + 32 = 5*u. Calculate the highest common factor of s and g.
4
Let m(h) = -h**2 + 6*h + 16. Suppose 2*p = 4*d + d - 26, -4*d + 3*p + 18 = 0. Let u be m(d). Calculate the greatest common factor of 40 and u.
8
Let c be ((-24)/(-9))/((-1)/6). Let x = 31 + c. Suppose 0*j - j - x = -4*i, 3*j = 4*i - 21. Calculate the highest common factor of i and 6.
3
Let w(x) = -2 + x**2 - 3*x + 5 + x + 2. Let n be w(3). What is the highest common divisor of n and 12?
4
Let g = -11 + 9. Let d = g + 13. Calculate the greatest common divisor of d and 99.
11
Suppose 3*i + i = 128. Let s be 2/24 + (322280/(-96))/(-35). What is the greatest common divisor of s and i?
32
Let m = -90 + 122. Let l = -8 - -11. Suppose l*q - 424 = -40. What is the greatest common factor of q and m?
32
Let i = -354 - -2230. Calculate the highest common factor of i and 28.
28
Let b be 88 + (-4)/1 + 1 + 0. Calculate the highest common factor of b and 34.
17
Suppose 0 = 5*c + 2*l + 356, 3*c - 2*l + 219 = 15. Suppose -21 = -3*j + 9. Let a be ((-24)/j)/(21/c). What is the greatest common factor of a and 2?
2
Suppose 1716 = 26*a - 624. Calculate the highest common divisor of a and 1755.
45
Suppose -42020 = -37*b + 26*b. Calculate the highest common divisor of 20 and b.
20
Suppose c = -4*h + 148 + 135, 0 = h + c - 73. Let u(n) = 25*n - 111. Let m be u(5). What is the highest common divisor of m and h?
14
Suppose -2*q + 42 = 3*l - 79, -q + 5 = 0. Let w = 61 - l. Suppose -2*d = 2*s - 128, 4*d - 235 + 11 = 4*s. What is the highest common factor of w and d?
12
Let u be (-387)/(-9) + 3 + -1. What is the greatest common factor of 5 and u?
5
Let m = -445 - -536. Suppose -71 = -5*c - 6. Calculate the greatest common divisor of m and c.
13
Suppose -3*s = -3*c - 81, 2*s - c - 34 - 25 = 0. Let o be s/(3 + -1)*-1. Let m = 20 + o. What is the highest common divisor of m and 8?
4
Let j(w) be the first derivative of 14*w**3/3 - w**2/2 + 3*w - 12. Suppose -2*c = 2 + 4. Let s be j(c). What is the greatest common divisor of 12 and s?
12
Let p = 5 - -6. Let c(v) = 7*v - 24. Let j(w) = -13*w + 49. Let n(o) = p*c(o) + 6*j(o). Let k be n(0). What is the highest common factor of k and 6?
6
Let o = 16 - 12. Suppose -t + 0*t + 14 = d, 66 = o*t - d. Let n be -2 + t - (-1 + 2). Calculate the greatest common factor of n and 26.
13
Suppose 0 = 5*f - 2*f + 15. Let x(c) = 3 - 4 - 6*c + 0 - 2 - c**2. Let k be x(f). Calculate the greatest common divisor of k and 16.
2
Let p(g) = -9*g - 15. Let c be p(-7). Calculate the greatest common divisor of 18 and c.
6
Suppose -2 = -2*m, 3*a + 5*m - 316 = -8. Suppose -2*i = 3*b + 90, -4*b + 4 = -5*i + a. Let l = b + 43. What is the highest common divisor of 10 and l?
5
Let j(h) = 22*h - 4. Suppose 2*x - 18 = -14. Let n be j(x). Let g be 4/((-4)/3) - -63. Calculate the greatest common factor of n and g.
20
Let s(d) = d**2 - 25*d + 44. Let v be s(25). What is the greatest common factor of v and 220?
44
Let d be -12*(-22)/16*(-28)/(-3). Suppose -5*r + 2*r + 66 = 0. Calculate the highest common divisor of d and r.
22
Suppose 15 = 5*w, w + 219 = 3*v - 0*w. What is the greatest common factor of v and 1961?
37
Suppose 3*d = -0*d + 4*i + 10, -5*d + 5*i = -20. Let w(h) = 2*h**2 - 8*h + 6. Let m be w(7). What is the greatest common factor of m and d?
6
Let o be (-1200)/1*((-2)/10 + -1). Suppose 21*x - 16*x = o. What is the greatest common factor of x and 36?
36
Let w be -7 + (9/2)/((-11)/(-5038)). What is the highest common factor of w and 52?
26
Suppose 48*y - 574 = 7*y. What is the greatest common factor of y and 22?
2
Suppose 61 = 4*k + 1. Calculate the highest common factor of 240 and k.
15
Suppose -13*u + 7*u = -768. Suppose -2*v = -180 - u. What is the highest common divisor of v and 22?
22
Let m(q) be the third derivative of 7*q**2 + 0*q + 1/6*q**4 + 0 + 2/3*q**3. Let l be m(8). What is the greatest common factor of 90 and l?
18
Let y = -327 - -332. What is the greatest common factor of y and 5?
5
Let k = 49 - 35. Let m(g) = g**2 - 15*g + 18. Let o be m(k). Calculate the highest common factor of 20 and o.
4
Suppose -5*u = 4*h - 42 - 23, -5*h = u - 97. What is the greatest common factor of 130 and h?
10
Let t = 21 + 29. What is the greatest common factor of 20 and t?
10
Let c(n) = n**2 + 3*n - 2. Let j be -1 + -2 + (6 - 2). Let k be c(j). Suppose 4*z = 4, -s + 3 + k = -5*z. Calculate the highest common divisor of 30 and s.
10
Let c be -3 + 30 + 1 - 4. Let x = -30 + c. Let i(p) = p**3 + 5*p**2 - 7*p + 8. Let y be i(x). What is the greatest common divisor of y and 2?
2
Let v be 24/21*(3 + (-3 - -7)). Calculate the highest common factor of v and 72.
8
Let w = 67 - 62. Let c(s) = -2*s - 9. Let o be c(-6). Let p = o + w. Calculate the greatest common factor of p and 80.
8
Suppose 0*l + 2*l + 40 = -2*t, -l + 5*t = -10. Let p = l + 38. Calculate the greatest common divisor of 184 and p.
23
Suppose 0 = -6*x - 40 + 1000. What is the highest common factor of 400 and x?
80
Let w(t) = 13*t**3. Let z be w(1). Let p be (1 + -8)/(2/(-26)). What is the highest common factor of p and z?
13
Suppose -3*u + 2 + 4 = 0. Suppose -u*x - 12 = x. Let c = 5 - x. Calculate the highest common factor of 72 and c.
9
Let a be ((-60)/270 - 10586/(-9)) + 2. Calculate the highest common factor of 38 and a.
38
Suppose -5*h - 169 = 2*w, 0 = -w - 2*w + 5*h - 216. Let k = w + 132. Calculate the highest common divisor of k and 22.
11
Let h = -33 - -57. Calculate the greatest common divisor of 1236 a